3)?
-36
Let d(v) = -v**3 - 86*v**2 - 84*v + 80. Determine d(-85).
-5
Let g(x) = x**2 - 10*x + 12. What is g(11)?
23
Let s(y) = -y - 52. What is s(0)?
-52
Let r(u) = 3*u + 5. Calculate r(-2).
-1
Let i(o) = 54*o + 32. Calculate i(-2).
-76
Let o(q) = 2*q**2 + 13*q + 1. Determine o(-6).
-5
Let t(l) = -l + 5. Give t(-12).
17
Let n(r) = r**2 - 8*r + 11. Calculate n(7).
4
Let w(r) = -14*r + 68. Give w(5).
-2
Let c(k) = -67*k**3 + k**2 + 2*k + 2. Determine c(-1).
68
Let n(h) = -h**3 + 8*h**2 - 4*h + 6. Calculate n(3).
39
Let m(v) = v**2 - v - 2. Calculate m(4).
10
Let y(s) = s**2 + 7*s - 14. Calculate y(-9).
4
Let w(u) = -u**3 - 13*u**2 - 12*u - 10. Determine w(-12).
-10
Let h(y) = 11*y - 13. What is h(11)?
108
Let y(u) = -2*u**3 - 5*u**2 + u + 1. Give y(-4).
45
Let v(m) = m**2 + 6*m - 13. Determine v(-8).
3
Let x(p) = -30*p - 21. What is x(-4)?
99
Let n(d) = 4*d - 39. What is n(13)?
13
Let j(w) = w**3 + 5*w**2 + 5*w - 7. Calculate j(-5).
-32
Let q(t) = 2*t**2 + 6*t + 11. Give q(-3).
11
Let w(a) = 18*a**2 + 111*a - 12. Determine w(-6).
-30
Let d(f) = -2*f**3 + f**2 - 2*f. What is d(1)?
-3
Let k(u) = u**2 - 4*u - 3. Give k(6).
9
Let b(m) = m**3 + 11. Determine b(0).
11
Let p(q) = q**2 + q - 17. Give p(-5).
3
Let k(u) = 6*u + 35. Calculate k(-10).
-25
Let r(j) = -38*j - 214. Determine r(-5).
-24
Let c(b) = b**3 - b**2 + 6*b - 37. What is c(3)?
-1
Let b(l) = l**2 + 8*l - 44. Determine b(4).
4
Let m(z) = -z + 21. Calculate m(8).
13
Let v(o) = 2*o - 1. Give v(-2).
-5
Let j(o) = -o**3 - 18*o**2 - 18*o - 17. Give j(-17).
0
Let j(c) = -c**3 - 5*c**2 - 6*c. Give j(-4).
8
Let k(f) = f - 17. Determine k(-7).
-24
Let x(h) = 8*h - 65. Calculate x(8).
-1
Let l(r) = 2*r**3 + 15*r**2 - 10*r - 19. What is l(-8)?
-3
Let l(o) = 7*o + 5. Calculate l(-3).
-16
Let a(z) = 5*z**2 - 13*z - 12. Give a(0).
-12
Let i(p) = 3*p + 1. What is i(3)?
10
Let z(c) = -c**2 + 22*c - 47. Give z(19).
10
Let w(h) = h**3 - 11*h**2 + 8*h + 7. Determine w(10).
-13
Let p(b) = -b**3 + 5*b**2 - 4*b - 3. Calculate p(3).
3
Let v(n) = n**2 - 23*n + 104. What is v(6)?
2
Let q(l) = l**2 + 3*l + 9. Calculate q(-6).
27
Let l(a) = a**3 - 7*a**2 - 9*a + 8. Determine l(8).
0
Let c(d) = -59*d**3 + d**2. Give c(1).
-58
Let x(f) = -2*f**2 - 9*f - 5. What is x(-5)?
-10
Let k(s) = -57*s - 1. Give k(-1).
56
Let x(z) = -z**2 + 13*z - 28. Give x(8).
12
Let q(a) = a**2 + 53*a - 224. Calculate q(-57).
4
Let f(d) = -d**3 + 21*d**2 - 20*d - 13. What is f(20)?
-13
Let n(l) = -3*l - 87. Determine n(-27).
-6
Let v(w) = -18*w - 17. What is v(-4)?
55
Let i(y) = -y**3 + 10*y**2 - y + 11. What is i(10)?
1
Let w(h) = 3*h - 1. Calculate w(-2).
-7
Let k(u) = -u**2 - 6*u + 10. Determine k(-8).
-6
Let q(i) = -i**3 + 9*i**2 - 10*i - 2. Calculate q(8).
-18
Let y(t) = -t**3 + 9*t**2 + 3*t - 96. Give y(8).
-8
Let b(h) = 3*h**2 - 2*h - 3. Give b(4).
37
Let y(n) = 2*n**3 - 13*n**2 - 6*n - 15. Determine y(7).
-8
Let h(l) = -23*l + 210. Determine h(9).
3
Let u(w) = -11*w. Give u(2).
-22
Let p(k) = k**2 - 9. Give p(-3).
0
Let n(z) = z**2 - 18*z + 24. Calculate n(16).
-8
Let q(t) = t**2 + 9*t + 7. What is q(-3)?
-11
Let i(v) = -7*v**3 - 5*v**2 - 3*v - 1. Calculate i(-3).
152
Let u(b) = b**3 + 9*b**2 + 17*b + 16. Determine u(-7).
-5
Let t(g) = -7*g**2 - 6*g + 4. Determine t(-4).
-84
Let o(l) = -l**3 + 13*l**2 + 15*l - 3. What is o(14)?
11
Let g(y) = y**2 + 6*y + 11. Calculate g(-6).
11
Let k(a) = a**2 + 9*a - 30. Determine k(-10).
-20
Let t(c) = c**3 - 3*c**2 + 5*c - 22. Calculate t(3).
-7
Let t(r) = 2*r**3 - 28*r**2 + 27*r - 18. Give t(13).
-5
Let k(a) = -10*a + 174. Determine k(17).
4
Let i(o) = 8*o**2 - 1. Determine i(1).
7
Let x(t) = -4*t - 22. What is x(-4)?
-6
Let k(x) = x**3 - 3*x**2 - 5*x - 1. Give k(4).
-5
Let f(v) = 4*v + 88. Give f(0).
88
Let j(c) = -6*c + 12. Calculate j(-3).
30
Let h(w) = -w**3 - 7*w**2 - 13*w - 2. Give h(-6).
40
Let p(h) = -h + 4. What is p(11)?
-7
Let r(f) = 21*f + 1301. Give r(-62).
-1
Let l(u) = 5*u**2 + 1. Determine l(3).
46
Let p(j) = -j**2 + 3*j + 425. What is p(-19)?
7
Let i(t) = t**3 + 8*t**2 - 2*t + 30. Determine i(-8).
46
Let a(p) = p**2 - 71*p + 203. Calculate a(68).
-1
Let i(p) = p**2 + 14*p - 24. What is i(-15)?
-9
Let y(h) = -h**2 + 7*h. Give y(8).
-8
Let k(d) = -d**3 - 26*d**2 - 24*d + 14. Determine k(-25).
-11
Let r(u) = -u - 19. What is r(-9)?
-10
Let g(l) = -17*l - 33. Give g(3).
-84
Let r(a) = a**2 - 7*a + 7. What is r(5)?
-3
Let m(x) = x**2 + 2*x + 7. Give m(-5).
22
Let z(l) = -l**3 - 7*l**2 + 2*l + 7. Give z(-7).
-7
Let d(j) = -j**3 - 13*j**2 + j + 20. Give d(-13).
7
Let i(l) = 11*l**3 - 3*l - 3. Determine i(-1).
-11
Let r(f) = -f**3 + 5*f**2 + 3*f - 6. Calculate r(5).
9
Let b(g) = g + 9. What is b(-10)?
-1
Let x(f) = 5*f + 36. Calculate x(-7).
1
Let q(z) = -z**2 + 2*z + 5. Calculate q(3).
2
Let r(z) = -z**2 - 11*z + 2. What is r(-10)?
12
Let m(t) = 4*t - 2. Determine m(2).
6
Let c(o) = o**3 - 5*o**2 - 8*o + 46. Determine c(5).
6
Let x(w) = w**2 - w + 1. Determine x(-4).
21
Let i(p) = p**3 - 5*p**2 + 12. What is i(5)?
12
Let g(i) = 11*i**3 - i**2 - 7*i - 5. What is g(-1)?
-10
Let i(j) = 2*j - 2. Determine i(-3).
-8
Let g(q) = -q - 32. Give g(-12).
-20
Let v(h) = 53*h + 483. What is v(-9)?
6
Let z(a) = -8*a**2 + 4*a - 13. What is z(3)?
-73
Let f(t) = -3*t**2 - 27*t - 4. Calculate f(-9).
-4
Let q(p) = -19*p + 13. What is q(1)?
-6
Let t(d) = -4*d + 2. Determine t(1).
-2
Let m(c) = -c**3 + 17*c**2 + 39*c - 17. Give m(19).
2
Let m(s) = -3*s**2 - 31*s + 14. Determine m(-10).
24
Let s(g) = -g**3 - 4*g**2 + 5*g + 8. Give s(-4).
-12
Let h(p) = p**3 - 5*p**2 - 2*p + 25. Give h(5).
15
Let z(p) = -p**2 - 31. What is z(10)?
-131
Let s(i) = -i**3 - 5*i**2 - 5*i - 4. What is s(-2)?
-6
Let c(u) = -u**2 - 4*u + 2. Determine c(-2).
6
Let q(w) = -w**3 + 7*w**2 + 2*w - 2. Determine q(6).
46
Let s(q) = q**3 - 5*q**2 - 6*q + 6. What is s(6)?
6
Let g(h) = -h**3 + 7*h**2 - 15*h + 6. What is g(5)?
-19
Let s(w) = -4*w - 24. What is s(-8)?
8
Let u(r) = 54*r - 54. What is u(1)?
0
Let x(l) = l**2 + 1. Give x(-3).
10
Let j(w) = -w**3 + 7*w**2 - 11*w - 7. Calculate j(5).
-12
Let p(t) = -t**3 + 8*t**2 - 11*t + 10. What is p(7)?
-18
Let m(n) = n**2 - 20*n + 7. Calculate m(19).
-12
Let h(y) = -y**2 - 6*y + 3. What is h(-7)?
-4
Let n(a) = a**2 - a + 1. Give n(2).
3
Let h(x) = x**3 - 13*x**2 - x + 2. Calculate h(13).
-11
Let p(g) = -2*g**3 - 17*g**2 + 11*g + 3. What is p(-9)?
-15
Let p(c) = c**2 + 2*c - 3. What is p(2)?
5
Let y(h) = h**3 + 14*h**2 - h - 5. Give y(-14).
9
Let u(h) = -3*h + 67. Determine u(23).
-2
Let s(t) = -2*t**2 - 14*t - 7. What is s(-9)?
-43
Let y(w) = 26*w**2 - 1. Give y(-1).
25
Let m(j) = -16*j + 38. Determine m(2).
6
Let k(f) = -4*f + 2. Give k(1).
-2
Let k(y) = 2*y**2 + 3*y. What is k(-3)?
9
Let w(v) = 12*v + 21. Determine w(-2).
-3
Let i(w) = 3*w - 32. Give i(13).
7
Let q(j) = 8*j + 165. Give q(-18).
21
Let w(d) = -d**2 - 52*d - 27. What is w(-52)?
-27
Let a(p) = -2*p + 18. Determine a(9).
0
Let w(u) = u**3 - 7*u**2 + 4*u - 6. Give w(6).
-18
Let k(f) = 88*f - 1756. What is k(20)?
4
Let d(j) = j**3 + 7*j**2 + 10*j - 10. Calculate d(-5).
-10
Let o(f) = 2*f**3 - 4*f + 9. Calculate o(-3).
-33
Let t(q) = -q - 29. What is t(-11)?
-18
Let q(n) = -n**3 + 3*n**2 + 17*n - 4. Determine q(4).
48
Let a(h) = -43*h - 263. What is a(-6)?
-5
Let r(z) = z**3 - 27*z**2 - 28*z - 29. Calculate r(28).
-29
Let r(f) = f**3 + 9*f**2 + 12*f + 7. Give r(-7).
21
Let d(o) = -2*o**2 + 9. Give d(-3).
-9
Let d(l) = l**2 + 15*l + 17. Give d(-13).
-9
Let y(j) = j**3 - 3*j**2 + j - 12. Determine y(6).
102
Let v(x) = x**3 - 10*x**2 + 4. Determine v(10).
4
Let a(t) = t**2 + 18*t + 57. What is a(-7)?
-20
Let y(d) = -2*d**3 - 10*d**2 + 2*d + 3. Give y(-5).
-7
Let f(k) = -5*k - 4. Calculate f(-2).
6
Let d(c) = -c**2 + 42*c + 177. What is d(46)?
-7
Let t(c) = c**3 - 5*c**2 + 5*c - 3. What is t(3)?
-6
Let i(k) = 60*k - 57. Determine i(2).
63
Let l(n) = n**3 + 3*n**2 - 7*n - 12. What is l(-5)?
-27
Let g(l) = -2*l**3 - 10*l**2 - 5*l - 15. Give g(-5).
10
Let r(n) = -n**3 - n**2 + n - 17. Calculate r(0).
-17
Let y(g) = 2*g - 6. Give y(-11).
-28
Let z(n) = -n**2 + 7*n + 7. Calculate z(8).
-1
Let f(r) = -r**2 + 23*r + 4. What is f(0)?
4
Let l(y) = -y**2 + 12*y - 31. What is l(9)?
-4
Let j(k) = k**2 + 28*k + 19. Calculate j(-27).
-8
Let z(h) = 